{"id":3484,"date":"2020-04-19T12:36:57","date_gmt":"2020-04-19T12:36:57","guid":{"rendered":"https:\/\/shopforlife.ch\/?post_type=product&#038;p=3484"},"modified":"2020-04-19T12:36:58","modified_gmt":"2020-04-19T12:36:58","slug":"em-kraftreiniger-haftend","status":"publish","type":"product","link":"https:\/\/shopforlife.ch\/?product=em-kraftreiniger-haftend","title":{"rendered":"EM-Kraftreiniger haftend"},"content":{"rendered":"<p>Der EM-Kraftreiniger haftend enth\u00e4lt Wasser, Mikroorganismenkultur, (Milchs\u00e4urebakterien, Hefen), Alkohol, Rohrzucker, Obstessig, Eindickmittel, Zitronens\u00e4ure, Duftstoffe (Geraniol, Citronellol).<\/p>\n<p>&nbsp;<\/p>\n<h2>Anwendungsempfehlungen<\/h2>\n<ul>\n<li>Pur auf die entsprechenden Fl\u00e4chen aufspr\u00fchen, 15\u201330 Min. einwirken lassen und mit lauwarmem Wasser absp\u00fclen.<br \/>\nBei hartn\u00e4ckiger Verschmutzung nochmal wiederholen.<\/li>\n<\/ul>\n","protected":false},"excerpt":{"rendered":"<p>Dieser Reiniger ist gut haftend und speziell f\u00fcr hartn\u00e4ckige Ablagerungen wie Kalk und Fett entwickelt. Sowohl in der K\u00fcche und im Bad, als auch f\u00fcr Glas geeignet.<\/p>\n<p>Neu zum Nachf\u00fcllen auch in 5-l- und 10-l-Bag-in-Box erh\u00e4ltlich.<\/p>\n<p><span style=\"color: #0000ff\">Die 0,5-Liter-Flasche wird inkl. Spr\u00fchaufsatz geliefert! Bitte beachten Sie, dass der mitgelieferter Spr\u00fcher extra so ausgew\u00e4hlt wurde, damit einwandfrei gespr\u00fcht werden kann. Da der Kraftreiniger haften soll, ist er dickfl\u00fcssiger und herk\u00f6mmliche Spr\u00fchaufs\u00e4tze konnten bei unseren Tests nicht mithalten.<\/span><\/p>\n","protected":false},"featured_media":3485,"comment_status":"open","ping_status":"closed","template":"","meta":[],"product_cat":[179,143],"product_tag":[],"_links":{"self":[{"href":"https:\/\/shopforlife.ch\/index.php?rest_route=\/wp\/v2\/product\/3484"}],"collection":[{"href":"https:\/\/shopforlife.ch\/index.php?rest_route=\/wp\/v2\/product"}],"about":[{"href":"https:\/\/shopforlife.ch\/index.php?rest_route=\/wp\/v2\/types\/product"}],"replies":[{"embeddable":true,"href":"https:\/\/shopforlife.ch\/index.php?rest_route=%2Fwp%2Fv2%2Fcomments&post=3484"}],"wp:featuredmedia":[{"embeddable":true,"href":"https:\/\/shopforlife.ch\/index.php?rest_route=\/wp\/v2\/media\/3485"}],"wp:attachment":[{"href":"https:\/\/shopforlife.ch\/index.php?rest_route=%2Fwp%2Fv2%2Fmedia&parent=3484"}],"wp:term":[{"taxonomy":"product_cat","embeddable":true,"href":"https:\/\/shopforlife.ch\/index.php?rest_route=%2Fwp%2Fv2%2Fproduct_cat&post=3484"},{"taxonomy":"product_tag","embeddable":true,"href":"https:\/\/shopforlife.ch\/index.php?rest_route=%2Fwp%2Fv2%2Fproduct_tag&post=3484"}],"curies":[{"name":"wp","href":"https:\/\/api.w.org\/{rel}","templated":true}]}}