{"id":3333,"date":"2020-04-10T20:56:00","date_gmt":"2020-04-10T20:56:00","guid":{"rendered":"https:\/\/shopforlife.ch\/?post_type=product&#038;p=3333"},"modified":"2020-04-10T20:58:59","modified_gmt":"2020-04-10T20:58:59","slug":"mouthwash-sensitive-500ml","status":"publish","type":"product","link":"https:\/\/shopforlife.ch\/?product=mouthwash-sensitive-500ml","title":{"rendered":"Mouthwash Sensitive 500ml"},"content":{"rendered":"","protected":false},"excerpt":{"rendered":"<p><span style=\"float: none;background-color: #ffffff;color: #000000;font-family: -apple-system,BlinkMacSystemFont,'Segoe UI',Roboto,Oxygen,Ubuntu,'Helvetica Neue',Arial,sans-serif,'Apple Color Emoji','Segoe UI Emoji','Segoe UI Symbol';font-size: 100%;font-style: normal;font-variant: normal;font-weight: inherit;letter-spacing: 0.16px;line-height: 1.7;text-align: left;text-decoration: none;text-indent: 0px;text-transform: none\">Gerade bei empfindlichen Z\u00e4hnen ist diese Mundsp\u00fclung genau das Richtige. Neben pflegender Aloe Vera enth\u00e4lt diese n\u00e4mlich auch desinfizierenden Salbei sowie das Superfood Sanddorn. Der ideale Schutz gegen Reizungen und Irritationen, auch bei besonders sensiblem Zahnfleisch. Los, jetzt geht&#8217;s ans Gurgeln!<\/span><\/p>\n<p>&nbsp;<\/p>\n<p><img loading=\"lazy\" class=\"alignnone size-full wp-image-3191\" src=\"https:\/\/shopforlife.ch\/wp-content\/uploads\/2020\/04\/shop-for-life-shopforlife-benundanna-benanna-wellness-esoterik-naturkosmetik-demeter-biodynamisch-biologisch-decanali-natur-deo-stick-deostick-vegan-cruelty-free-nat\u00fcrlich-icada-natural.jpg\" alt=\"\" width=\"64\" height=\"70\" \/> \u00a0 \u00a0 <img loading=\"lazy\" class=\"alignnone size-medium wp-image-3192\" src=\"https:\/\/shopforlife.ch\/wp-content\/uploads\/2020\/04\/shop-for-life-shopforlife-benundanna-benanna-wellness-esoterik-naturkosmetik-demeter-biodynamisch-biologisch-decanali-natur-deo-stick-deostick-vegan-cruelty-free-nat\u00fcrlich-natre-org.jpg\" alt=\"\" width=\"69\" height=\"69\" \/> \u00a0 \u00a0 <img loading=\"lazy\" class=\"alignnone size-medium wp-image-3193\" src=\"https:\/\/shopforlife.ch\/wp-content\/uploads\/2020\/04\/shop-for-life-shopforlife-benundanna-benanna-wellness-esoterik-naturkosmetik-demeter-biodynamisch-biologisch-decanali-natur-deo-stick-deostick-vegan-cruelty-free-nat\u00fcrlich-recyclebar.jpg\" alt=\"\" width=\"68\" height=\"68\" \/> \u00a0 \u00a0 <img loading=\"lazy\" class=\"alignnone size-medium wp-image-3194\" src=\"https:\/\/shopforlife.ch\/wp-content\/uploads\/2020\/04\/shop-for-life-shopforlife-benundanna-benanna-wellness-esoterik-naturkosmetik-demeter-biodynamisch-biologisch-decanali-natur-deo-stick-deostick-vegan-cruelty-free-nat\u00fcrlich-vegan.jpg\" alt=\"\" width=\"99\" height=\"80\" \/><\/p>\n","protected":false},"featured_media":3250,"comment_status":"open","ping_status":"closed","template":"","meta":[],"product_cat":[160,22],"product_tag":[164,163,92,79,169,166,88,162,89,176,177],"_links":{"self":[{"href":"https:\/\/shopforlife.ch\/index.php?rest_route=\/wp\/v2\/product\/3333"}],"collection":[{"href":"https:\/\/shopforlife.ch\/index.php?rest_route=\/wp\/v2\/product"}],"about":[{"href":"https:\/\/shopforlife.ch\/index.php?rest_route=\/wp\/v2\/types\/product"}],"replies":[{"embeddable":true,"href":"https:\/\/shopforlife.ch\/index.php?rest_route=%2Fwp%2Fv2%2Fcomments&post=3333"}],"wp:featuredmedia":[{"embeddable":true,"href":"https:\/\/shopforlife.ch\/index.php?rest_route=\/wp\/v2\/media\/3250"}],"wp:attachment":[{"href":"https:\/\/shopforlife.ch\/index.php?rest_route=%2Fwp%2Fv2%2Fmedia&parent=3333"}],"wp:term":[{"taxonomy":"product_cat","embeddable":true,"href":"https:\/\/shopforlife.ch\/index.php?rest_route=%2Fwp%2Fv2%2Fproduct_cat&post=3333"},{"taxonomy":"product_tag","embeddable":true,"href":"https:\/\/shopforlife.ch\/index.php?rest_route=%2Fwp%2Fv2%2Fproduct_tag&post=3333"}],"curies":[{"name":"wp","href":"https:\/\/api.w.org\/{rel}","templated":true}]}}