{"id":3163,"date":"2020-03-29T11:35:04","date_gmt":"2020-03-29T11:35:04","guid":{"rendered":"https:\/\/shopforlife.ch\/?post_type=product&#038;p=3163"},"modified":"2020-03-29T16:06:03","modified_gmt":"2020-03-29T16:06:03","slug":"em-keramik-pulver-terra-c","status":"publish","type":"product","link":"https:\/\/shopforlife.ch\/?product=em-keramik-pulver-terra-c","title":{"rendered":"EM Keramik Pulver Terra-C"},"content":{"rendered":"<p>EM Keramik wird aus hochwertigem Ton aus Japan hergestellt, der zusammen mit Effektive Mikroorganismen und EM\u00b7X Gold in einem aufw\u00e4ndigen Verfahren reift. Durch das anschliessende Brennen entsteht eine einzigartige Keramik, in der alle feinenergetischen Resonanzen und EM-Informationen gespeichert sind und wieder an andere Materien abgegeben werden.<\/p>\n<p>&nbsp;<\/p>\n<h2>Verwendungszweck und Dosierung<\/h2>\n<ul>\n<li>Kompostierungsmittel, um das Verrotten organischer Abf\u00e4lle zu f\u00f6rdern: 1-3 g pro Lage K\u00fcchenabf\u00e4lle<\/li>\n<li>Lagerung: Trocken und in verschlossenem Gebinde aufbewahren.<\/li>\n<\/ul>\n<p>&nbsp;<\/p>\n<h3>Besondere Hinweise<\/h3>\n<ul>\n<li>EM Keramik Pulver Terra-C ist ein mikrovermahlener gebrannter Ton.<\/li>\n<li>Staub in der Atemluft ist zu vermeiden!<\/li>\n<\/ul>\n","protected":false},"excerpt":{"rendered":"<p>Das EM Keramik Pulver Terra C ist ein zermahlenes, graues Pulver, welches besonders wirksam bei der Herstellung von K\u00fcchen-Kompost ist.<\/p>\n<p>&nbsp;<\/p>\n<p><a href=\"https:\/\/shopforlife.ch\/wp-content\/uploads\/2020\/03\/Flyer_EMKeramik_compressed.pdf\">Flyer_EMKeramik<\/a><\/p>\n","protected":false},"featured_media":3164,"comment_status":"open","ping_status":"closed","template":"","meta":[],"product_cat":[156,147],"product_tag":[],"_links":{"self":[{"href":"https:\/\/shopforlife.ch\/index.php?rest_route=\/wp\/v2\/product\/3163"}],"collection":[{"href":"https:\/\/shopforlife.ch\/index.php?rest_route=\/wp\/v2\/product"}],"about":[{"href":"https:\/\/shopforlife.ch\/index.php?rest_route=\/wp\/v2\/types\/product"}],"replies":[{"embeddable":true,"href":"https:\/\/shopforlife.ch\/index.php?rest_route=%2Fwp%2Fv2%2Fcomments&post=3163"}],"wp:featuredmedia":[{"embeddable":true,"href":"https:\/\/shopforlife.ch\/index.php?rest_route=\/wp\/v2\/media\/3164"}],"wp:attachment":[{"href":"https:\/\/shopforlife.ch\/index.php?rest_route=%2Fwp%2Fv2%2Fmedia&parent=3163"}],"wp:term":[{"taxonomy":"product_cat","embeddable":true,"href":"https:\/\/shopforlife.ch\/index.php?rest_route=%2Fwp%2Fv2%2Fproduct_cat&post=3163"},{"taxonomy":"product_tag","embeddable":true,"href":"https:\/\/shopforlife.ch\/index.php?rest_route=%2Fwp%2Fv2%2Fproduct_tag&post=3163"}],"curies":[{"name":"wp","href":"https:\/\/api.w.org\/{rel}","templated":true}]}}