{"id":3093,"date":"2020-03-29T08:57:20","date_gmt":"2020-03-29T08:57:20","guid":{"rendered":"https:\/\/shopforlife.ch\/?post_type=product&#038;p=3093"},"modified":"2020-03-29T09:08:17","modified_gmt":"2020-03-29T09:08:17","slug":"terra-preta-bokashi","status":"publish","type":"product","link":"https:\/\/shopforlife.ch\/?product=terra-preta-bokashi","title":{"rendered":"Terra Preta Bokashi"},"content":{"rendered":"<p>Terra Preta Bokashi ist eine mit EM und Zuckerrohrmelasse fermentierte Mischung aus Weizenkleie, Biokohle und EM Keramik Super Cera-C Pulver. Die Biokohle wird w\u00e4hrend der Fermentation mit EM besiedelt. Die grosse innere Oberfl\u00e4che der Biokohle (300\u2013400 m<sup>2<\/sup>\/g) dient den Bodenbakterien zur Aktivierung des Bodens. Die Biokohle im Terra Preta Bokashi verrottet nicht im Boden, sondern dient dem nachhaltigen Humusaufbau. Humusreiche B\u00f6den sind ertragreicher und speichern die Feuchtigkeit besser. Somit ist Terra Preta Bokashi nicht nur ein N\u00e4hrstofflieferant, sondern auch ein nat\u00fcrlicher Bodenaktivator.<\/p>\n<p>&nbsp;<\/p>\n<h2>Anwendung und Dosierung<\/h2>\n<ul>\n<li>Hofd\u00fcngerzusatz: 5\u201310 kg pro m<sup>3<\/sup> Mist beimischen.<\/li>\n<li>Kompostierungsmittel: 5\u201310 kg pro m<sup>3<\/sup> Kompost beim Anmischen und<\/li>\n<li>Wenden in mehreren Gaben beigeben.<\/li>\n<li>Bodenverbesserung: 0.5\u20131 kg pro m<sup>2<\/sup> und Jahr verteilt auf zwei Gaben einarbeiten.<\/li>\n<li>Beeinflussung biologischer Vorg\u00e4nge im Boden:<\/li>\n<li>0.5\u20131 kg pro m<sup>2<\/sup> und Jahr verteilt auf zwei Gaben einarbeiten.<\/li>\n<\/ul>\n<p>&nbsp;<\/p>\n<h3>Anwendungsmengen von Terra Preta Bokashi<\/h3>\n<p>&nbsp;<\/p>\n<table style=\"height: 528px\" border=\"1\" width=\"517\" cellspacing=\"1\" cellpadding=\"1\" align=\"\">\n<tbody>\n<tr>\n<td width=\"30%\">Anwendung<\/td>\n<td width=\"15%\">Terra Preta Bokashi<\/td>\n<td width=\"80%\">Boden\u00b7FIT (EM\u00b7A)<\/td>\n<td width=\"80%\">Anwendungszeitpunkt<\/td>\n<\/tr>\n<tr>\n<td>Gem\u00fcsegarten \/ -beete Erdbeeren, Blumen, Rosen<\/td>\n<td>0.5 -1kg pro m<sup>2<\/sup><\/td>\n<td>2dl pro 10l Giesswasser<\/td>\n<td>Fr\u00fchjahr, 2 Wochen vor Bepflanzung \/ Sp\u00e4therbst<\/td>\n<\/tr>\n<tr>\n<td>Kompostaufbereitung<\/td>\n<td>5-10 kg pro m<sup>3<\/sup>Kompost<\/td>\n<td>2dl pro 10l Giesswasser<\/td>\n<td>ganzj\u00e4hrig<\/td>\n<\/tr>\n<tr>\n<td>Beerenstr\u00e4ucher<\/td>\n<td>2-3 Handvoll je Loch<\/td>\n<td>2dl pro 10l Giesswasser<\/td>\n<td>Fr\u00fchjahr<\/td>\n<\/tr>\n<tr>\n<td>Obstb\u00e4ume<\/td>\n<td>2-3 Handvoll je Loch<\/td>\n<td>2dl pro 10l Giesswasser<\/td>\n<td>Fr\u00fchjahr \/ Sp\u00e4therbst<\/td>\n<\/tr>\n<tr>\n<td>Ziergeh\u00f6lze<\/td>\n<td>2-3 Handvoll je Loch<\/td>\n<td>2dl pro 10l Giesswasser<\/td>\n<td>Fr\u00fchjahr<\/td>\n<\/tr>\n<tr>\n<td>Rasen<\/td>\n<td>0.5 kg pro m<sup>2<\/sup><\/td>\n<td>2dl pro 10l Giesswasser<\/td>\n<td>Fr\u00fchjahr \/ Sp\u00e4therbst<\/td>\n<\/tr>\n<tr>\n<td>Balkon-, Topfpflanzen<\/td>\n<td>5% zur Pflanzenerde<\/td>\n<td>2dl pro 10l Giesswasser<\/td>\n<td>nach Bedarf<\/td>\n<\/tr>\n<\/tbody>\n<\/table>\n","protected":false},"excerpt":{"rendered":"<p>Terra Preta Bokashi ist eine mit EM und Zuckerrohrmelasse fermentierte Mischung.<\/p>\n<p>&nbsp;<\/p>\n<p><a href=\"https:\/\/shopforlife.ch\/wp-content\/uploads\/2020\/03\/Flyer_Bokashi.pdf\">Flyer_Bokashi<\/a><\/p>\n","protected":false},"featured_media":3097,"comment_status":"open","ping_status":"closed","template":"","meta":[],"product_cat":[156,147],"product_tag":[],"_links":{"self":[{"href":"https:\/\/shopforlife.ch\/index.php?rest_route=\/wp\/v2\/product\/3093"}],"collection":[{"href":"https:\/\/shopforlife.ch\/index.php?rest_route=\/wp\/v2\/product"}],"about":[{"href":"https:\/\/shopforlife.ch\/index.php?rest_route=\/wp\/v2\/types\/product"}],"replies":[{"embeddable":true,"href":"https:\/\/shopforlife.ch\/index.php?rest_route=%2Fwp%2Fv2%2Fcomments&post=3093"}],"wp:featuredmedia":[{"embeddable":true,"href":"https:\/\/shopforlife.ch\/index.php?rest_route=\/wp\/v2\/media\/3097"}],"wp:attachment":[{"href":"https:\/\/shopforlife.ch\/index.php?rest_route=%2Fwp%2Fv2%2Fmedia&parent=3093"}],"wp:term":[{"taxonomy":"product_cat","embeddable":true,"href":"https:\/\/shopforlife.ch\/index.php?rest_route=%2Fwp%2Fv2%2Fproduct_cat&post=3093"},{"taxonomy":"product_tag","embeddable":true,"href":"https:\/\/shopforlife.ch\/index.php?rest_route=%2Fwp%2Fv2%2Fproduct_tag&post=3093"}],"curies":[{"name":"wp","href":"https:\/\/api.w.org\/{rel}","templated":true}]}}