{"id":1142,"date":"2016-11-29T15:56:40","date_gmt":"2016-11-29T15:56:40","guid":{"rendered":"https:\/\/shopforlife.ch\/?post_type=product&#038;p=1142"},"modified":"2020-03-28T17:28:34","modified_gmt":"2020-03-28T17:28:34","slug":"wurzelchakra-meditationskissen","status":"publish","type":"product","link":"https:\/\/shopforlife.ch\/?product=wurzelchakra-meditationskissen","title":{"rendered":"Meditationskissen Wurzelchakra"},"content":{"rendered":"","protected":false},"excerpt":{"rendered":"<p><strong>\u00a0Meditationskissen\u00a0Wurzelchakra<\/strong><em> &#8211; Mit Wurzelchakra Stickerei zur Unterst\u00fctzung der inneren St\u00e4rke und Sicherheit im t\u00e4glichen Leben<\/em><\/p>\n<ul>\n<li>Mit Buchweizen gef\u00fcllt<\/li>\n<li>Bezug aus 100% reissfester Baumwolle und mit Reissverschl\u00fcssen versehen<\/li>\n<li>Bezug leicht abnehmbar und bei 40\u00b0C in der Waschmaschine waschbar<\/li>\n<li>Der Innenbezug ist aus leichter Naturbaumwolle<\/li>\n<li>Die Farbe ist dem jeweiligen Chakra zugeordnet<\/li>\n<\/ul>\n<p>Gr\u00f6sse: 36 x 15 cm<\/p>\n","protected":false},"featured_media":1149,"comment_status":"open","ping_status":"closed","template":"","meta":[],"product_cat":[146,26,66],"product_tag":[],"_links":{"self":[{"href":"https:\/\/shopforlife.ch\/index.php?rest_route=\/wp\/v2\/product\/1142"}],"collection":[{"href":"https:\/\/shopforlife.ch\/index.php?rest_route=\/wp\/v2\/product"}],"about":[{"href":"https:\/\/shopforlife.ch\/index.php?rest_route=\/wp\/v2\/types\/product"}],"replies":[{"embeddable":true,"href":"https:\/\/shopforlife.ch\/index.php?rest_route=%2Fwp%2Fv2%2Fcomments&post=1142"}],"wp:featuredmedia":[{"embeddable":true,"href":"https:\/\/shopforlife.ch\/index.php?rest_route=\/wp\/v2\/media\/1149"}],"wp:attachment":[{"href":"https:\/\/shopforlife.ch\/index.php?rest_route=%2Fwp%2Fv2%2Fmedia&parent=1142"}],"wp:term":[{"taxonomy":"product_cat","embeddable":true,"href":"https:\/\/shopforlife.ch\/index.php?rest_route=%2Fwp%2Fv2%2Fproduct_cat&post=1142"},{"taxonomy":"product_tag","embeddable":true,"href":"https:\/\/shopforlife.ch\/index.php?rest_route=%2Fwp%2Fv2%2Fproduct_tag&post=1142"}],"curies":[{"name":"wp","href":"https:\/\/api.w.org\/{rel}","templated":true}]}}